-15 + (-19 - -23 - -20).
9
-51 + -10 + 22 - -28
-11
What is the value of -7 + 6 - 10 - (-2 - (-4 + 0))?
-13
Calculate -23 - ((13 + -4 - (-20 - -29)) + 4).
-27
Evaluate 14 + (-4 - (-12 + 16)).
6
What is the value of -94 + 100 - (28 + 4)?
-26
What is the value of -34 - (32 - 58) - (1 - 4 - 27)?
22
What is -9 + (2 - -1) + -69 + 73 + -3?
-5
Evaluate 2 + -6 - (4 - -7) - -7.
-8
Calculate 10 + -24 - (0 + -12 + (5 - -8)).
-15
Calculate 6 + 5 + (75 - 98) + -25.
-37
What is (-11 - (-19 + -8)) + -46?
-30
Evaluate (-18 - (12 - 14 - -15)) + 14.
-17
What is the value of -4 - ((6 - 0 - 12) + 6 + 8)?
-12
What is (33 - 1) + -45 + 32 + 1?
20
Calculate -1 - -8 - (30 + (-17 - (-1 - 28))).
-35
48 + -11 + (-12 - 1) + -8 + 20
36
Evaluate -42 + (-24 - (-90 + 33)).
-9
What is the value of -3 - ((-21 - -13) + 0 + (5 - 3))?
3
Evaluate (7 + -11 - -2) + 14.
12
Evaluate ((-10 - -2) + 4 - 2 - -3) + 6.
3
-6 + 13 + -7 + (7 - 2)
5
Calculate (1 - 6) + 12 + -50 + 34.
-9
0 - 6 - (18 + -6 - -13)
-31
Calculate (-3 - (-12 - -14)) + (12 - 0).
7
Evaluate (2 - (-7 - -14)) + (8 - 6 - 8).
-11
Evaluate -45 - -34 - (-2 - -12).
-21
Evaluate -13 - (8 + 2 + -4 + 2).
-21
Calculate 38 - ((85 - 29) + -20).
2
What is 4 - 9 - 6 - -1?
-10
What is the value of 1 + -3 - (8 + 7 + (-10 - 8))?
1
Evaluate -12 - 6 - (-12 + 7 - -10).
-23
Evaluate 0 - 1 - (-10 + 34 + -18).
-7
Calculate 0 + 2 + -7 + -9 + (12 - -14).
12
Evaluate -19 + (11 - -1) + 5.
-2
Evaluate 11 + 0 - (413 + -398).
-4
What is 23 - 4 - (11 - -1)?
7
Evaluate 4 + (3 - 14) + 7.
0
Evaluate 1 - (-1 + 9) - (-18 + (1 - 9)).
19
What is 41 + -67 + 34 - 34?
-26
Evaluate 6 + -1 + (-27 - 0 - -9) - -5.
-8
What is the value of (32 - 9 - 4 - 4) + -37?
-22
What is the value of ((-21 - -24) + (-2 - 1) - -3) + 7?
10
What is the value of -29 - -12 - -8 - (-1 - -5)?
-13
What is (-8 - -13) + -46 + 25?
-16
(-9 - -6 - (-2 - -4) - 10) + -4
-19
What is (30 - (28 - 13)) + -13?
2
Calculate -173 - -208 - (-3 + 0 + 2 + 9).
27
What is the value of 2 - -71 - (1174 - 1142)?
41
What is the value of -4 - 4 - (-4 - (-3 + -2 - -5))?
-4
What is the value of 1 + 0 + 5 + -3 - (-4 - -22)?
-15
27 + (23 - (46 + -3))
7
80 - 69 - (1 - (1 + -14))
-3
What is the value of (12 - (8 + -2)) + 6 + -14?
-2
What is the value of -1 - (0 + 0 + -1) - (-48 + 43)?
5
Evaluate 1 + (-4 - (-10 + 13)).
-6
What is -5 - (12 + -1 - 8) - -1?
-7
What is 21 - (3 - 7) - (5 - (5 + 0))?
25
What is 1 + -36 + 31 - (0 - -5)?
-9
Calculate -11 - (0 + -4 + (6 - -5 - 2)).
-16
15 - (8 + 16 + 0)
-9
-8 - (9 - (21 + 9)) - -12
25
2 + -3 - (-7 - -34 - 39)
11
What is the value of 28 - 1 - (50 - 37)?
14
What is -11 + 28 + -8 + -3 + 7?
13
Evaluate (0 - -2) + -1 - (641 - 646).
6
Evaluate 4 + (-5 + (-3 - -10) - (11 + -14)).
9
5 - ((23 - 19) + -2 + 2 - -11)
-10
What is the value of 4 + (1 - 14 - (-13 + 18)) - -5?
-9
What is the value of (-2 - 34 - (16 + -28)) + (1 - 1)?
-24
What is the value of (47 - 11) + -17 - 17?
2
Calculate -58 + 25 - -36 - (-7 - 2).
12
19 + -20 + (4 - 18)
-15
-3 + 8 + -13 + (-8 - -8)
-8
Evaluate (-3 - (0 + 5)) + (31 - 43).
-20
What is the value of -25 - -1 - (-8 + (3 - -1) - 3)?
-17
Evaluate -2 - (-30 + 39) - (4 - 0).
-15
-18 + 14 + 11 + -12
-5
What is the value of -2 - (-2 + (-17 - (7 - 12)))?
12
What is (5 + -10 - 3) + 1 + -2?
-9
(-2 - (17 - 17)) + (0 - 10)
-12
Calculate (5 - (16 - -4)) + -22 + 25.
-12
What is the value of -36 + 53 + -54 + 17?
-20
Calculate 11 + -8 + -11 + 19.
11
Calculate -3 + (-1 - 0) - ((63 - 29) + -24).
-14
What is the value of (-41 - -29) + 3 + (-1 - -4) - -3?
-3
-18 - (-17 + 10 - 3)
-8
-2 + 19 + (-46 - (-14 + -35))
20
Calculate -3 - -3 - (16 - (-13 + 25)).
-4
What is 154 + -160 + 7 + -1?
0
Calculate 12 - (-4 - (-13 - -11)).
14
What is the value of -31 - -35 - (-4 + 13 + 2)?
-7
What is (2 - -3 - (-3 + 3)) + (-37 - -32)?
0
What is the value of (-55 - -56) + -13 + 33?
21
What is the value of 18 + 2 - 13 - (4 - -18) - 0?
-15
Calculate -2 - -4 - -8 - (-703 - -694).
19
What is the value of 24 + 2 + -25 - 37?
-36
What is the value of -11 + 1 - (19 + -7 - 15)?
-7
Evaluate 18 - (-18 - (-18 + -12)).
6
What is the value of -3 + -3 + 46 + -34?
6
Calculate -157 + 155 + (-1 - -26) + -2 + -1.
20
10 - (24 + (-20 - -10) - -6)
-10
0 + 11 - 16 - 2
-7
Calculate (-910 - -915) + (0 - 0) + -6.
-1
What is the value of (-5 - (7 - 2) - -14) + 2 + -8?
-2
Evaluate (2 + -13 - -6) + 1 + -3 + 21.
14
What is 27 + -9 - 11 - 2?
5
(-1 - -11) + -45 + 9 + 47
21
What is the value of (4 + -16 - -8) + -3?
-7
Evaluate -4 + -17 + 46 + -40.
-15
Evaluate 1 - (-16 - (14 + -39 - -10)).
2
What is 0 + -6 - (6 - 10 - (0 - 4))?
-6
What is 9 + -9 - (0 - ((2 - 2) + -2))?
-2
Evaluate 2 - (-4 - (0 + -4 + -2 + -2)).
-2
Evaluate -12 + -19 + 5 + 19.
-7
What is 3 + (7 - (2 - -4 - (-3 - -2)))?
3
What is the value of (-373 - -359) + (-1 - -12) + 10?
7
Calculate 10 + 0 + 2 - (14 - (2 - -9)).
9
Calculate -1 + (-4 - -5 - -8 - 1).
7
Evaluate 12 + (12 - 9 - (15 - 10)) + -5.
5
What is the value of 0 + 3 - ((-39 - -53) + -2)?
-9
What is the value of 60 + (-70 - (-3 - 33))?
26
Evaluate 15 + (-2 + -4 - 4).
5
2 - -5 - (-3 + (2 - 3))
11
Calculate -1 + -44 + 25 - -13.
-7
What is -12 - (66 + -30) - -58?
10
What is the value of -8 + (-29 + 38 - -1)?
2
What is the value of (4 + 10 - (16 + -4)) + -28 + 4?
-22
-12 + (5 + -6 - (-16 + 4))
-1
2 - (5 - (4 + 8 + -17 + 16))
8
-8 + (-5 - (-8 - 34)) - (-14 + 14)
29
What is the value of -11 - -8 - ((-3 - 3) + -2)?
5
Calculate -7 + 26 + -4 + -19.
-4
-8 + 0 - (-69 + 65)
-4
Calculate (11 - 4 - (-2 - -3) - 5) + 6.
7
Evaluate -4 + 46 + -1 + (-314 - -297).
24
Evaluate -12 + 11 + 3 - -9 - 32.
-21
Evaluate (-13 - -10) + (-10 - -23).
10
What is -10 + 39 + -1 + -9 + 0 - -10?
29
Calculate -1 + -19 + 14 + 30 + -3.
21
What is the value of 0 - (-5 - (-6 + -7)) - -19?
11
What is the value of 14 + -6 + -14 - (2 + -11)?
3
What is the value of 36 + -35 + 4 + -26?
-21
What is the value of -8 + -7 + 22 + 3?
10
What is -12 - (-3 - (17 - -2))?
10
Evaluate 9 + -5 + -12 + (21 - 1).
12
What is 46 + -24 + -26 - (1 + -1 - 7)?
3
What is -13 + -7 + (13 - -6) + -8?
-9
12 - 4 - ((-7 - 1) + 5 + 3)
8
(-7 - (5 - 19)) + (0 - 3 - -4)
8
Evaluate -4 + (8 + 2 - (45 - 43)).
4
Evaluate (18 - 23) + 8 - 4.
-1
Evaluate -12 + 29 + -7 + -13 - -12.
9
-1 - (7 + 2 + -17 + 6)
1
What is 12 + 2 + 0 - (3 + 2 + -9)?
18
What is the value of -509 + 513 + (-1 - (1 + 6))?
-4
Calculate 4 + 5 + -30 + 13.
-8
Calculate 10 + (-8 - (13 - 6)) - -25.
20
What is -2 + 1 + (-12 - -22 - -3)?
12
-4 + 23 + 3 + (6 - 4) + -11
13
What is the value of 2 - (3 + -5 + -1) - -3?
8
What is 0 - 5 - (7 - (11 + -8 + 10))?
1
Calculate 12 - (5 - (0 - 3)) - -9.
13
What is the value of -11 + (5 - -2) - -4 - 14?
-14
Calculate -13 + -2 + -2 - (6 + -16).
-7
Evaluate 38 - (0 + 14) - (9 - (2 + 1)).
18
What is -13 - (14 + -2 - 6)?
-19
Evaluate 1 + 5 + 2 + -1 + -4.
3
What is the value of -2 + -1 - (-16 - ((6 - -6) + -10))?
15
What is the value of 0 + (1 + 4 - ((9 - 11) + 10))?
-3
Evaluate (-38 - -45) + -5 + -16 + -3.
-17
What is the value of -19 + 8 + 1 + (131 - 132)?
-11
Calculate (1 - 2 - 1) + 119 + -48 + -68.
1
Evaluate -24 - -24 - (0 + 5 + -11 + 9).
-3
3 - (4 - 10) - (1 + -9 + 4)
13
What is -1 + (6 + 20 - ((1 - -7) + -3))?
20
What is the value of -5 - (5 - (-5 + (20 - (2 - -4))))?
-1
Calculate -5 + 7 + -2 + 1 - 2.
-1
Calculate (5 - -2) + 13 + -11.
9
Calculate (27 - (10 + 5)) + (1 + -6 - 6).
1
What is the value of (5 - (15 + 4)) + 2?
-12
Evaluate 3 + -48 - (780 - 832).
7
Calculate (16 - (4 + -5)) + -5.
12
What is the value of (-2 - -1 - (-14 - (6 + -25))) + -10?
-16
Evaluate -238 - -232 - (-3 + 1 + (-4 - 13)).
13
-5 + (5 - 15 - -1)
-14
What is the value of 1 - ((4 - 10) + -11 + (-15 - -17))?
16
Calculate 341 + -373 + (-2 - -2).
-32
What is the value of -31 + 31 - (12 + -50 - 0)?
38
What is the value of (-23 - (7 + -10 + -1)) + 10 + -2?
-11
What is 7 - (-2 + -27 + 15) - -3?
24
Evaluate (-3 - -6) + (-10 + (10 - -8) - 16).
-5
What is the value of 36 - (-9 + (44 - 8))?
9
Calculate -28 - (11 + -35 + 14).
-18
(-28 - (-30 - 7)) + -30
-21
17 - (20 - 7) - 25
-21
What is 0 + (-26 - -7 - -1 - -1)?
-17
Evaluate -14 + 25 + -12 + 9 - 10.
-2
Evaluate -12 - (-19 + 22) - -26.
11
What is the value of (-37 - -41) + (-1 - -2 - 3) + 2?
4
What is the value of (-227 - -216 - (-5 + 2 - 2)) + 4?
-2
9 + -41 + (-7 - -2) + 18
-19
E